and 1708.
14
Suppose -40*i + 21*i = -6 - 89. What is the highest common divisor of i and 1?
1
Let i(g) = 97*g**2 + 3*g - 9. Let c be i(2). Let w = c + -175. Calculate the greatest common divisor of 21 and w.
21
Let f = 11906 - 10903. What is the highest common factor of 51 and f?
17
Let a(x) = 1125*x - 216. Let l be a(2). Calculate the highest common divisor of l and 27.
9
Let k be (-18)/279 - (135/(-675) + 10519/(-155)). Suppose 60 = -4*v + 264. What is the greatest common factor of k and v?
17
Let y = -228 - -340. Let h be (-7830)/(-243) - (-2)/(-9). What is the highest common factor of y and h?
16
Let b(r) = -146*r**3 - 10*r**2 - 5*r + 6. Let h be b(-1). Calculate the greatest common factor of h and 336.
21
Suppose 2*f + 4 = 0, -2*j + 92*f = 89*f - 10. Suppose -d - 24 = -3*d. What is the greatest common divisor of d and j?
2
Let d be 50*(2 + 0/5). Let s be d*(75/(-12))/(-5). Suppose -617*i + 700 = -603*i. What is the highest common factor of i and s?
25
Let o = 2086 + -1141. Suppose o = -2*r + 947. Let s be (-1 + -3)/(1/(-2)). Calculate the highest common divisor of s and r.
1
Let m = 302 - 135. Let v = m + -151. Calculate the greatest common divisor of v and 232.
8
Suppose -6086 + 63622 = 24*y + 8*y. What is the greatest common factor of 986 and y?
58
Let w = 1326 + -1355. Let r = 62 + -30. Let c = w + r. What is the greatest common factor of 27 and c?
3
Let m(f) = -75*f - 3. Let y be m(-1). Let u be 232/y - (4/9)/2. What is the highest common factor of 24 and u?
3
Suppose 3738 = 7*w - 1575. Calculate the highest common divisor of w and 792.
33
Suppose -4*i = -4*d + 2408, -4*d - i = 3*i - 2400. Let w be d - -2 - (0 - (1 + -6)). What is the highest common divisor of 46 and w?
46
Let u(k) = 14*k**2 - 44*k + 30. Let c be u(5). Suppose 87 = 3*y - 9. What is the greatest common divisor of y and c?
32
Let g be 4*(4*1 + 615/164). What is the greatest common factor of 3193 and g?
31
Suppose 0*d = -3*d + 15. Suppose -79 = -d*u - 2*g - 0*g, -28 = -2*u + g. Let y be (-722)/(-3) + 80/(-12) + 6. What is the greatest common divisor of y and u?
15
Let q be 150/24*8 + (5 - -4) + -4. Let n(s) = -s**3 - 6*s**2 + 3*s - 6. Let r be n(-7). Calculate the highest common divisor of q and r.
11
Let f = 16411 + -16396. What is the highest common divisor of 26910 and f?
15
Let f = 3390 - 465. Calculate the highest common factor of f and 234.
117
Let w be 2 - 3 - (-483)/(5 + -2). Suppose 5*a = 0, 3*c = -5*a + w - 7. What is the highest common factor of 17 and c?
17
Let r = 3229 - 2957. What is the highest common divisor of 238 and r?
34
Suppose 0 = -120*v + 142*v - 1320. Calculate the greatest common divisor of v and 1410.
30
Let w(k) = -6*k**2 + 20*k + 58. Let v(z) = -z**2 + z + 2. Let a(y) = 10*v(y) - 2*w(y). Let c be a(27). Calculate the greatest common divisor of 12 and c.
12
Let q(f) = -66*f - 911. Let i be q(-14). Let p(w) = 1587*w**3 - 2*w**2 + 1. Let o be p(1). Calculate the highest common divisor of o and i.
13
Suppose -1493*k + 1368*k = -196500. What is the greatest common divisor of 36 and k?
12
Let p = 8523 + -7092. Calculate the greatest common factor of 53 and p.
53
Suppose a - 3*i + 169 = -0*i, a = -4*i - 148. Let n = 20 - a. Let p be (1 + 9/(-15))/((-8)/(-400)). What is the greatest common divisor of n and p?
20
Let a be 4389/(-266) - (-316)/8. Suppose f - 460 = -3*f. What is the greatest common factor of f and a?
23
Let m be 9*(-3)/(-18)*2. Suppose -g + m*h + 54 = 0, g + g + 4*h = 88. Calculate the greatest common factor of 432 and g.
48
Let o be -8 - (-816)/104 - (-784)/26. Let j = 40 - o. What is the highest common factor of 8 and j?
2
Let x = -984 + 990. What is the highest common divisor of 999 and x?
3
Suppose 5*g - 207 - 473 = 0. Let t = -15474 - -15490. Calculate the highest common divisor of t and g.
8
Suppose 7 = -7*k - 84. Let o be 12 + k - -3*2. Suppose -4*j = 5*g + j - o, 5*j + 15 = 0. Calculate the highest common divisor of g and 4.
4
Let t be (114282/12)/(102/136). What is the highest common divisor of 28 and t?
14
Let n be 1 + (0 - -1*31). Let c be -5 + 25 - (14 - 18). Calculate the greatest common divisor of c and n.
8
Let z be 316/2054 - 25684/(-26). Calculate the greatest common factor of z and 2.
2
Let i(z) = -124*z - 3569. Let r be i(-29). What is the highest common factor of 117 and r?
9
Let l be 3 - (-3)/(12/44). Let g = 171 + -32. Let w = g - 118. What is the greatest common divisor of l and w?
7
Let z be (-156642)/(-138) + 8/(-92). Calculate the greatest common factor of z and 4767.
227
Let w(u) = -u**2 + 12*u - 3. Let j be w(10). Suppose -3*n = -4 - j. Let z(a) = a**2 - 3*a - 3. Let b be z(5). What is the highest common factor of n and b?
7
Suppose -2*c - 3*a = -0*a - 81, -3*c = -2*a - 154. Let d be -4*(-159)/(-6) + -1. Let x = d + 179. What is the greatest common factor of c and x?
24
Let y = -218683 - -218878. Suppose 2*k + 312 = 4*k. What is the greatest common factor of y and k?
39
Let p = 1 + 9. Let h be (-3 + 33)/((-4 + 2)/(-1)). Suppose -h = 4*v - 55. What is the greatest common divisor of v and p?
10
Let g be (1 + -3)/((-4)/(-28)). Let r be (-4)/g - (-1156)/119. Let k = 559 - 489. What is the greatest common factor of k and r?
10
Let b = 47002 + -14618. Calculate the greatest common divisor of 22 and b.
22
Suppose -6*z = 1146 - 7218. What is the highest common divisor of 92 and z?
92
Let n = -32 - -64. Suppose 3*c - 16 + 1 = 0. Suppose -c*w = 8*w - 26. Calculate the greatest common divisor of n and w.
2
Suppose -18*l - 12*l + 253050 = 0. What is the greatest common divisor of 21 and l?
7
Let z = -3 - -8. Suppose 6*f - 19 - z = 0. Suppose -f*x + 64 = 4*g - 264, -5*x = 15. What is the greatest common divisor of 34 and g?
17
Let j = -2 + 3. Suppose 0 = 83*y + 24534 + 49087. Let c = y - -896. Calculate the greatest common divisor of c and j.
1
Let s be 2*-15*36/(-60). Suppose -149 = -24*y + 3307. Calculate the highest common divisor of y and s.
18
Suppose -788*p + 789*p = -4*h + 64, 5*h + 243 = 3*p. What is the highest common divisor of p and 3800?
76
Suppose 3*c - 2*g - 10 = 0, 5*g = 2*c + 3*g - 8. Suppose -2*p = c, 13*a - 4*p + 196 = 17*a. What is the greatest common divisor of a and 30?
10
Suppose 3*a + 56 = 6*k - 5*k, 2*a - 80 = -2*k. Let w = 476 + -256. What is the greatest common factor of w and k?
44
Let b = -53 - -61. Let s(j) = 37*j - 3. Let n be s(7). Suppose 7*t - n = -t. What is the greatest common divisor of t and b?
8
Suppose -y + s - 4 = -8, -23 = -5*y + 2*s. Suppose -3 = -c - 3*l + 7, l = y*c - 66. Calculate the greatest common factor of c and 26.
13
Suppose 176*w = 95*w + 88*w - 49665. What is the highest common divisor of w and 330?
165
Suppose 30*a - 70 = 25*a. Let k(p) = 140*p**2 + 2*p - 2. Let d be 5 - 3 - (2 - 1). Let o be k(d). What is the highest common factor of o and a?
14
Suppose 309*c = 310*c - 18. Suppose c*m - 268 + 88 = 0. Let q = 8 + -6. Calculate the highest common divisor of q and m.
2
Let o = 427 - -224. Let i(r) = r**3 - 130*r**2 - 122*r - 1086. Let z be i(131). Calculate the highest common factor of o and z.
93
Suppose 494*k - 4200 = 459*k. Suppose -3 = -l - a, 0 = 3*l - a - 20 + 7. Suppose -l*i - i + 240 = 0. Calculate the greatest common factor of k and i.
24
Let y(d) = 8*d**2 + 60*d - 13. Let m be y(-8). What is the highest common divisor of 1159 and m?
19
Suppose 2*v + 300 = -4*v. Let j = v - -20. Let c be j/(-8) - (63/(-12) - -5). What is the highest common divisor of c and 2?
2
Suppose 9*j = 307*n - 305*n - 60, 5*n - 2*j = 150. Calculate the highest common factor of 699 and n.
3
Suppose 905*i = 934*i - 9135. What is the greatest common divisor of 10 and i?
5
Let x(y) = 49*y + 98. Let z be x(2). What is the greatest common factor of z and 76?
4
Let w = -258 + 258. Suppose w = -26*j + 853 - 281. Calculate the highest common factor of j and 319.
11
Suppose 0 = -3*b - 2*s + 100, -6*b - 3*s + 63 = -132. Let x(h) = 6*h**3 - 2*h**2 + 4*h - 3. Let z be x(2). Calculate the greatest common factor of z and b.
15
Suppose -248 = -5*y + 3*f + 1004, -2*y + 505 = 3*f. Suppose 0 = -3*i + 217 + y. Calculate the greatest common factor of i and 52.
52
Suppose a - 3 = 0, -3*i = -7*i + a + 85. Let g = i + -20. Suppose -b = -g*b + 123. Calculate the greatest common factor of 82 and b.
41
Suppose -